{"id":11023,"date":"2024-11-05T11:01:58","date_gmt":"2024-11-05T10:01:58","guid":{"rendered":"http:\/\/brelil.test\/?page_id=11023"},"modified":"2024-11-25T12:39:46","modified_gmt":"2024-11-25T11:39:46","slug":"numero","status":"publish","type":"page","link":"https:\/\/www.brelil.it\/it\/numero\/","title":{"rendered":"Numer\u00f2"},"content":{"rendered":"<p>Il brand NUM\u00c9RO racchiude trattamenti specifici caratterizzati da qualit\u00e0, innovazione e professionalit\u00e0. Distribuita e molto apprezzata in tutta Europa, \u00e8 la linea haircare professionale per eccellenza, prodotti che diventano preziosi alleati per le consumatrici che esigono capelli sempre perfetti.<\/p>\n","protected":false},"excerpt":{"rendered":"<p>Il brand NUM\u00c9RO racchiude trattamenti specifici caratterizzati da qualit\u00e0, innovazione e professionalit\u00e0. Distribuita e molto apprezzata in tutta Europa, \u00e8 la linea haircare professionale per eccellenza, prodotti che diventano preziosi alleati per le consumatrici che esigono capelli sempre perfetti.<\/p>\n","protected":false},"author":1,"featured_media":11093,"parent":0,"menu_order":0,"comment_status":"closed","ping_status":"closed","template":"page-numero.php","meta":{"footnotes":""},"class_list":["post-11023","page","type-page","status-publish","has-post-thumbnail","hentry"],"acf":[],"_links":{"self":[{"href":"https:\/\/www.brelil.it\/it\/wp-json\/wp\/v2\/pages\/11023","targetHints":{"allow":["GET"]}}],"collection":[{"href":"https:\/\/www.brelil.it\/it\/wp-json\/wp\/v2\/pages"}],"about":[{"href":"https:\/\/www.brelil.it\/it\/wp-json\/wp\/v2\/types\/page"}],"author":[{"embeddable":true,"href":"https:\/\/www.brelil.it\/it\/wp-json\/wp\/v2\/users\/1"}],"replies":[{"embeddable":true,"href":"https:\/\/www.brelil.it\/it\/wp-json\/wp\/v2\/comments?post=11023"}],"version-history":[{"count":2,"href":"https:\/\/www.brelil.it\/it\/wp-json\/wp\/v2\/pages\/11023\/revisions"}],"predecessor-version":[{"id":11172,"href":"https:\/\/www.brelil.it\/it\/wp-json\/wp\/v2\/pages\/11023\/revisions\/11172"}],"wp:featuredmedia":[{"embeddable":true,"href":"https:\/\/www.brelil.it\/it\/wp-json\/wp\/v2\/media\/11093"}],"wp:attachment":[{"href":"https:\/\/www.brelil.it\/it\/wp-json\/wp\/v2\/media?parent=11023"}],"curies":[{"name":"wp","href":"https:\/\/api.w.org\/{rel}","templated":true}]}}

Numerò

<p>Il brand NUMÉRO racchiude trattamenti specifici caratterizzati da qualità, innovazione e professionalità. Distribuita e molto apprezzata in tutta Europa, è la linea haircare professionale per eccellenza, prodotti che diventano preziosi alleati per le consumatrici che esigono capelli sempre perfetti.</p>
