{"id":3168,"date":"2021-09-07T10:23:40","date_gmt":"2021-09-07T08:23:40","guid":{"rendered":"https:\/\/local.brelil.test:8890\/ispirati\/\/maschera-ristrutturante-3\/"},"modified":"2021-09-22T11:31:24","modified_gmt":"2021-09-22T09:31:24","slug":"maschera-ristrutturante-3","status":"publish","type":"prodotto","link":"https:\/\/www.brelil.it\/it\/prodotto\/trattamento\/maschera-ristrutturante-3\/","title":{"rendered":"Maschera Ristrutturante"},"content":{"rendered":"<p>Trattamento condizionante da risciacquo, ideale per tutti i tipi di capelli. Ricompatta le squame del capello, rendendolo visibilmente pi\u00f9 luminoso, e leviga le cuticole garantendone maggiore setosit\u00e0 e pettinabilit\u00e0.<\/p>\n","protected":false},"featured_media":3171,"template":"","categoria":[9],"tipologia":[14],"bisogno":[46],"class_list":["post-3168","prodotto","type-prodotto","status-publish","has-post-thumbnail","hentry","categoria-trattamento","tipologia-maschera","bisogno-ricostruzione"],"acf":[],"_links":{"self":[{"href":"https:\/\/www.brelil.it\/it\/wp-json\/wp\/v2\/prodotto\/3168","targetHints":{"allow":["GET"]}}],"collection":[{"href":"https:\/\/www.brelil.it\/it\/wp-json\/wp\/v2\/prodotto"}],"about":[{"href":"https:\/\/www.brelil.it\/it\/wp-json\/wp\/v2\/types\/prodotto"}],"version-history":[{"count":0,"href":"https:\/\/www.brelil.it\/it\/wp-json\/wp\/v2\/prodotto\/3168\/revisions"}],"wp:featuredmedia":[{"embeddable":true,"href":"https:\/\/www.brelil.it\/it\/wp-json\/wp\/v2\/media\/3171"}],"wp:attachment":[{"href":"https:\/\/www.brelil.it\/it\/wp-json\/wp\/v2\/media?parent=3168"}],"wp:term":[{"taxonomy":"categoria","embeddable":true,"href":"https:\/\/www.brelil.it\/it\/wp-json\/wp\/v2\/categoria?post=3168"},{"taxonomy":"tipologia","embeddable":true,"href":"https:\/\/www.brelil.it\/it\/wp-json\/wp\/v2\/tipologia?post=3168"},{"taxonomy":"bisogno","embeddable":true,"href":"https:\/\/www.brelil.it\/it\/wp-json\/wp\/v2\/bisogno?post=3168"}],"curies":[{"name":"wp","href":"https:\/\/api.w.org\/{rel}","templated":true}]}}

<p>Trattamento condizionante da risciacquo, ideale per tutti i tipi di capelli. Ricompatta le squame del capello, rendendolo visibilmente più luminoso, e leviga le cuticole garantendone maggiore setosità e pettinabilità.</p>
